Let k(m) = 37*m**3 + 2*m**2 + 486*m - 986. What is k(2)?
290
Let h(i) = -7*i**2 + 37078*i - 148283. Determine h(4).
-83
Let w(s) = -47772*s + 334305. What is w(7)?
-99
Let d(g) = -5*g**2 - 16313*g - 32621. Determine d(-2).
-15
Let s(j) = 2598*j - 5308. What is s(2)?
-112
Let m(p) = -315*p + 111275. What is m(353)?
80
Let l(c) = -c**3 - 61*c**2 + 3*c + 261. Calculate l(-61).
78
Let n(c) = c**3 - 397*c**2 - 1172*c - 11114. Determine n(400).
86
Let n(d) = d**3 + 1872*d**2 + 190476*d - 3887. Calculate n(-108).
1
Let i(s) = 9*s**3 + 27*s**2 + 230*s + 1967. Give i(-8).
-2753
Let h(t) = -189981*t + 1519848. Calculate h(8).
0
Let j(p) = 157175*p - 785928. Give j(5).
-53
Let p(v) = -2*v**3 + 768*v**2 + 585215*v + 6896. Determine p(766).
2
Let n(z) = -2*z**3 - 977*z**2 - 12350*z + 172. Calculate n(-13).
3
Let w(k) = -k**2 + 112*k - 855. What is w(8)?
-23
Let i(n) = -2180*n - 10954. Calculate i(-5).
-54
Let o(m) = 431*m + 32171. What is o(-75)?
-154
Let t(k) = 270*k - 10586. Determine t(39).
-56
Let s(d) = -933*d + 604. What is s(0)?
604
Let z(k) = 6*k**2 + 327*k + 2083. Determine z(-44).
-689
Let m(f) = -41984*f - 7892987. What is m(-188)?
5
Let s(p) = -p**2 + 18263*p + 512067. Determine s(-28).
-81
Let k(u) = 2*u**3 - 36*u**2 + 62*u - 1019. What is k(13)?
-1903
Let l(m) = -m**3 - 42*m**2 - 94*m - 2237. What is l(-41)?
-64
Let i(w) = 460*w**2 - 19934*w + 19932. Give i(1).
458
Let l(p) = p**3 + 175*p**2 - 164*p + 2123. What is l(-176)?
11
Let g(x) = -6*x**3 + 341*x**2 - 2565*x + 20. Determine g(9).
182
Let y(t) = t**3 + 21*t**2 + 81*t - 51. Calculate y(-7).
68
Let y(m) = -4*m**3 + 734*m**2 + 308*m + 10846. Calculate y(184).
-194
Let l(o) = -51*o**2 - 2330*o + 5677. Calculate l(-48).
13
Let j(u) = -8*u**2 - 296*u + 320. Give j(-38).
16
Let w(p) = -19879*p + 99456. Give w(5).
61
Let n(f) = -f**3 - 54*f**2 + 384*f + 707. Determine n(-60).
-733
Let o(f) = 256*f**2 + 11509*f + 11509. Give o(-1).
256
Let i(d) = -91*d - 82921. Calculate i(-912).
71
Let x(m) = -m**3 + 158*m**2 - 5482*m - 1267. What is x(52)?
293
Let p(c) = 2104*c**2 - 39971*c - 95. Give p(19).
0
Let j(i) = -352*i + 40684. Determine j(112).
1260
Let b(g) = 4*g**2 + 48*g - 104. What is b(-14)?
8
Let l(j) = -5572*j - 34906. What is l(-6)?
-1474
Let c(j) = 20*j**3 - 124*j**2 - 37*j + 132. Calculate c(6).
-234
Let z(k) = -1008*k**2 + 291314*k - 603. Determine z(289).
-25
Let t(k) = -k**3 - 137*k**2 - 63*k + 28067. Calculate t(-135).
122
Let c(v) = -483*v - 283. Determine c(-3).
1166
Let f(i) = -i**2 - 175*i - 6873. What is f(-59)?
-29
Let l(i) = 18*i**2 + 17750*i - 15784. What is l(-987)?
8
Let x(o) = -16*o**2 - 87*o + 281. Calculate x(-7).
106
Let l(n) = n**2 + 2*n - 137. Determine l(33).
1018
Let k(o) = -o**3 - 10*o**2 + 77*o - 122. Determine k(7).
-416
Let y(j) = -5*j**3 + 51*j**2 - 64*j - 190. Give y(8).
2
Let v(x) = 9*x**2 + 14739*x - 14721. What is v(1)?
27
Let l(j) = 4*j**3 - 57*j**2 - 24*j + 539. Give l(14).
7
Let a(k) = -503*k**2 - 99090*k + 19. Give a(-197).
-178
Let f(v) = -v**2 - 356*v - 22419. Determine f(-82).
49
Let f(l) = 18*l**2 - 401*l - 7196. Determine f(34).
-22
Let w(x) = -45*x**2 + 4288*x - 101650. Give w(51).
-7
Let n(p) = 7956*p + 286445. Determine n(-36).
29
Let x(f) = 1802*f - 16891. Determine x(9).
-673
Let p(g) = 1364*g - 12274. What is p(9)?
2
Let g(y) = -1707*y**2 - 17043*y + 282. Calculate g(-10).
12
Let r(u) = -624*u - 375019. Give r(-601).
5
Let o(r) = -7*r**2 - 183*r - 198. Calculate o(-25).
2
Let z(y) = -2*y**3 + 27*y**2 - 4*y + 182. Calculate z(13).
299
Let n(t) = t**3 + 40*t**2 + 285*t - 1284. Determine n(-28).
144
Let o(x) = -119*x + 5194. Determine o(43).
77
Let z(k) = 69170*k + 968386. What is z(-14)?
6
Let y(s) = 216065*s + 432136. What is y(-2)?
6
Let b(d) = 2646*d + 103136. Determine b(-39).
-58
Let q(r) = r**3 + 344*r**2 - 6146*r - 3255. Determine q(-361).
-6
Let u(f) = -f**3 + 72*f**2 + 150*f - 11128. Determine u(72).
-328
Let d(v) = -v**3 - 144*v**2 + 862*v - 5707. Give d(-150).
-7
Let s(i) = -415*i - 2954. Determine s(-7).
-49
Let y(o) = o**3 + 127*o**2 + 1178*o + 115983. What is y(-125)?
-17
Let r(g) = -2*g**2 - 651*g - 30187. Calculate r(-56).
-3
Let k(w) = 48809*w - 439268. Calculate k(9).
13
Let y(a) = -135100*a - 20. What is y(0)?
-20
Let m(o) = 8768*o + 376882. What is m(-43)?
-142
Let g(f) = 504*f + 59469. Give g(-118).
-3
Let n(r) = 913*r**2 - 16447*r - 87. Determine n(18).
-321
Let u(z) = -11684*z - 116881. What is u(-10)?
-41
Let p(a) = 5*a**2 - 626*a - 2589. Calculate p(-4).
-5
Let a(j) = -166*j - 3226. Calculate a(-17).
-404
Let q(s) = -5*s**3 - 363*s**2 - 30*s - 12961. Determine q(-73).
-113
Let l(f) = -8*f**3 + 5*f**2 + 149*f + 23. What is l(-6)?
1037
Let b(l) = l**3 - 73*l**2 + 163*l - 6440. Calculate b(72).
112
Let f(k) = 3*k**2 - 294*k - 834. Give f(104).
1038
Let f(d) = 27*d**3 - 6*d**2 + 2*d + 3. Determine f(0).
3
Let l(m) = 10979*m - 1251584. Determine l(114).
22
Let z(f) = 3*f**3 - 84*f**2 + 51*f + 200. Calculate z(27).
-610
Let c(h) = -10309*h - 17906. What is c(-2)?
2712
Let h(c) = c**2 + 41*c - 5746. What is h(58)?
-4
Let x(i) = -590*i + 51499. What is x(91)?
-2191
Let g(y) = -32*y**3 - 16*y**2 - 34*y. Calculate g(-2).
260
Let h(k) = -k**2 - 424*k - 16091. What is h(-44)?
629
Let j(b) = 419*b + 5240. Calculate j(-11).
631
Let a(j) = -5*j**2 + 6972*j - 83650. Calculate a(12).
-706
Let l(y) = -5286*y - 26269. What is l(-5)?
161
Let p(h) = 1732*h - 55404. Calculate p(32).
20
Let u(o) = 208*o**2 + 1083*o + 1083. Calculate u(-1).
208
Let x(z) = z**3 - 668*z**2 + 57736*z - 2308. Give x(566).
-44
Let p(f) = -f**3 - 63*f**2 + 759*f - 10592. What is p(-75)?
-17
Let u(b) = 1145*b + 1741. Calculate u(-2).
-549
Let v(h) = -2*h**3 + 30*h**2 + 368*h + 5. What is v(-8)?
5
Let z(j) = 20*j**3 + 499*j**2 - 499*j - 1. Determine z(1).
19
Let y(x) = -x**2 - 243*x + 6057. Determine y(22).
227
Let k(g) = 72*g - 43. Calculate k(10).
677
Let t(h) = 2334*h + 371085. Calculate t(-159).
-21
Let a(x) = -12*x - 1871. Give a(-272).
1393
Let f(u) = -355*u**2 - 12064*u + 178. Determine f(-34).
-26
Let w(r) = -r**3 + r**2 + 23*r - 35. Determine w(3).
16
Let d(w) = 5*w**3 + 146*w**2 + 836*w. Give d(-8).
96
Let v(a) = -7751*a - 5464417. Calculate v(-705).
38
Let j(b) = 108*b + 3854. What is j(-59)?
-2518
Let h(u) = -3*u + 2774. Calculate h(122).
2408
Let q(o) = -621*o**2 - 12421*o - 47. Determine q(-20).
-27
Let b(v) = 145*v**2 - 131*v. Calculate b(1).
14
Let w(q) = 9*q**2 + 1699*q + 1691. Calculate w(-1).
1
Let z(w) = -2*w**2 + 198*w + 447296. Calculate z(-426).
-4
Let a(l) = 16087*l + 466426. Determine a(-29).
-97
Let p(s) = 1060*s**2 + 90*s + 90. Give p(-1).
1060
Let s(c) = -14*c**2 + 137*c - 32. What is s(6)?
286
Let s(k) = -24030*k + 120252. Give s(5).
102
Let w(k) = -10*k**3 - 451*k**2 - 52*k - 302. Determine w(-45).
13
Let m(f) = -f**3 + 337*f**2 - 635*f - 11455. Calculate m(335).
270
Let o(a) = -522*a**2 - 2185*a - 420. What is o(-4)?
-32
Let i(r) = 323*r**3 - 6775*r**2 - 21*r - 9. Determine i(21).
3078
Let d(m) = -26081*m + 156477. Calculate d(6).
-9
Let g(b) = -169797*b + 1867782. Give g(11).
15
Let v(t) = -t**3 + 31*t**2 + 5743*t - 182752. What is v(32)?
0
Let o(f) = -15142*f - 211993. Calculate o(-14).
-5
Let x(i) = -i**2 + 37*i + 2830. What is x(-34)?
416
Let w(q) = -150*q + 3041. What is w(21)?
-109
Let c(t) = -86*t**2 + 554*t - 850. Give c(4).
-10
Let i(u) = -407*u + 40245. What is i(99)?
-48
Let d(o) = o**3 + 15*o**2 - 1473*o - 7593. Determine d(-5).
22
Let b(u) = -264*u + 13. Determine b(1).
-251
Let y(s) = s**3 + 301*s**2 - 2782*s + 2502. Determine y(-310).
22
Let y(g) = -g**3 + 20*g**2 + 277*g + 690. Calculate y(30).
0
Let p(y) = -1272*y + 6706. Calculate p(5).
346
Let v(z) = -7*z**2 + 2134*z + 184135. What is v(375)?
10
Let s(o) = -8*o**2 + 645*o + 1288. What is s(-2)?
-34
Let p(n) = 41937*n - 671112. Calculate p(16).
-120
Let v(h) = 3*h**2 + 708*h + 16950. Calculate v(-27).
21
Let d(g) = -g**3 + 35*g**2 - 49*g - 3540. What is d(29)?
85
Let x(b) = -266*b**2 - 10001*b - 5878. Determine x(-37).
5
Let x(g) = 27145*g + 570062. Determine x(-21).
17
Let p(h) = -h**3 + 33*h**2 + 56*h - 520. Calculate p(35).
-1010
Let l(t) = 2*t**3 + 19*t**2 - 238*t - 2209. Determine l(-10).
71
Let k(p) = p**3 + 24*p**2 - 13*p - 205. Give k(-23).
623
Let h(d) = d**3